, 17
Suppose 3*f + 4*x + 0*x = 5, 2*x = -4*f. What are the prime factors of (-8120)/(-7) - (f - -9)?
2, 3
Let y = -45 - -50. Suppose -v - 5*a - 9 = -6, 3*a + y = v. What are the prime factors of (-9)/18 - ((-253)/v + -2)?
2
Suppose 0 = -2*z - 42 + 40. What are the prime factors of (-2)/4*z*1642 - -2?
823
Let n(a) be the first derivative of a**4/4 - a**3 + 2*a**2 - 2*a - 18. Let p(z) be the first derivative of n(z). What are the prime factors of p(7)?
109
Let t(b) = -b - 5. Let x(h) = 2*h + 3. Let a(m) = 6*t(m) + 10*x(m). Let k(r) = -r**2 - 6*r + 1. Let d be k(-6). List the prime factors of a(d).
2, 7
Let h(u) = 258*u**2 + 331*u - 2633. What are the prime factors of h(8)?
3, 7, 787
List the prime factors of (-36)/42 - (-15 + 2168872/(-56)).
2, 29, 167
What are the prime factors of (5109/(-5) - 3)/((-9)/(1080/16))?
2, 3, 7, 61
Suppose 2123*d = 2138*d - 167280. What are the prime factors of d?
2, 17, 41
Suppose 2*u - 54297 = -7*u. Suppose -u = 19*r - 17984. List the prime factors of r.
17, 37
Let a(w) = w - 22. Let x be a(-10). List the prime factors of x + 260 - (5 + -1).
2, 7
Suppose -2*x - x - 42 = 4*t, 5*t + 43 = x. What are the prime factors of 1*-3 - (36*t + 9)?
2, 3, 13
What are the prime factors of (7590/154)/((-1)/(-91))?
3, 5, 13, 23
Let y = -5018 - -8726. Suppose y = 7*b + 2*b. What are the prime factors of b?
2, 103
Suppose -4*u + 35 = -3*r + 2*r, -2*u = -4*r. Suppose -12*k + u*k + 8 = 0. Let a(h) = 7*h**2 + h - 8. List the prime factors of a(k).
2, 3
Let c be (-144)/(-4 + 8)*6/(-4). Let f = 55 - c. What are the prime factors of 4 - 5 - (-19)/(0 + f)?
2, 3
Let b = 98 - 91. Let n be 3/3*(-231)/b. Let k = 3 - n. What are the prime factors of k?
2, 3
Let r be 4 - (20/(0 - -5) + -441). Suppose 0 = 8*i - r - 9343. What are the prime factors of i?
1223
What are the prime factors of 697722/36 - -1*(-75)/(-90)?
2, 11, 881
Suppose 0 = 3*c - 12, 0*c + 2*c - 138 = 2*k. Let q = -54 - k. Suppose 2*a = 57 - q. What are the prime factors of a?
23
Let c(m) = 2682*m + 397. List the prime factors of c(1).
3079
Suppose -2914065 = -50*w + 1129335. List the prime factors of w.
2, 3, 23, 293
Let q = 9454 - 6243. What are the prime factors of q?
13, 19
Suppose -3*c - 3 = -3*k, 2*k - 4*k + c + 5 = 0. Suppose -32 = -k*f - 5*w, 3 = -w + 7. Suppose -v + 2*v = -f*n + 366, 3*v = 0. What are the prime factors of n?
2, 61
List the prime factors of 0 + ((-5)/5)/(-5) - 54698/(-10).
2, 5, 547
Suppose -3628 = 3*j - 127. Let z = 2647 + j. What are the prime factors of z?
2, 5, 37
Suppose -k + 17 = f, -2*k - 79 = -7*k - 2*f. Let u be ((-70)/k + 3)*-15. What are the prime factors of (u/15 - 1)*33?
2, 11
Let v(l) = -20*l - 10. Let m be v(-1). Suppose -2*s = -2*i + 308, i - 139 = -4*s + 15. Suppose 9*u = m*u - i. What are the prime factors of u?
2, 7, 11
Let w(t) = -4*t + 31. Let q be w(8). Let k be -3 + q - (-6)/(48/7624). Suppose 13*y - k = -0*y. What are the prime factors of y?
73
Suppose 0 = -10*f + 4067 + 2093. Suppose 16*y - f - 3400 = 0. List the prime factors of y.
251
Suppose 3*a = a. Suppose 0 = 5*h - 2*j - a*j - 8, -4*h + 3*j = -5. Suppose -h*c - 6*c = -296. What are the prime factors of c?
37
Let o(k) = 12*k**2 - 10*k + 20. Let d(l) = -7*l**2 - 55*l. Let m be d(-8). List the prime factors of o(m).
2, 7, 31
Suppose i + 23027 = 4*f, -14*f = -21*f + 5*i + 40320. List the prime factors of f.
5, 1151
Let z be -2 - ((-52)/(-20) - 3)*10. Suppose 464 = 10*p - z*p. Suppose -22 = 3*r - p. List the prime factors of r.
2, 3
Suppose -4*c = -i + 1, 0*i - 3*c = -3*i + 30. Suppose 0 = 15*t - i*t + 36. Let n = 137 - t. What are the prime factors of n?
5, 31
Let s(o) = 698*o - 178. Let j be s(8). Suppose 7*k = -10*k + j. What are the prime factors of k?
2, 3, 53
Suppose -5 = -o + 2*d, 2*o + 1 = -d - 4. Let u be o/(-3)*89 - (-14)/(-21). Suppose a = 2*a - u. List the prime factors of a.
29
Let h(a) = -11*a + 0*a**2 + 0*a**2 - a**3 + 363 - 344 - 2*a**2. What are the prime factors of h(-6)?
229
Let x(r) = -7*r + 21. Let i be x(6). Let v be (-8)/(-28) + 6/i. Suppose v = 8*f - 146 - 374. What are the prime factors of f?
5, 13
Let r = -479 - -454. Let v(f) = -f**3 - 24*f**2 + 6*f + 30. What are the prime factors of v(r)?
5, 101
Suppose 0 = -f + 4*n + 470, 4*f - 3*n = n + 1928. Let p = -409 + f. What are the prime factors of p?
7, 11
Suppose -2*b = 4, -98*f + 99*f + b = 48132. What are the prime factors of f?
2, 41, 587
Suppose -2*c = -5*v + 5, -v - 2*c + 7 + 6 = 0. Let m(p) = 5 + v - 1 - 5*p. What are the prime factors of m(-11)?
2, 31
Let v be (220/(-6))/((-18)/27). Let m = -48 + v. List the prime factors of m*(-450)/70*20/(-6).
2, 3, 5
Let j(i) = -79*i**2 - 11*i + 45. Let h be j(6). Let v = -1983 - h. What are the prime factors of v?
2, 3, 7
Let i(y) = -2*y + 143. Let g be i(0). Suppose 58*v = 56*v - 80. Let d = v + g. What are the prime factors of d?
103
Let p = -721 + 601. List the prime factors of -21*4*1810/p.
7, 181
Let l = 459 + -750. Let m = 308 - l. List the prime factors of m.
599
Suppose -472150 - 106045 = -21*k + 138745. What are the prime factors of k?
2, 3, 5, 569
Let w(i) = -3*i + 18. Let l = 19 + -19. Let k be w(l). Let g = k - 6. List the prime factors of g.
2, 3
What are the prime factors of 2708/7*(-735)/(-70)?
2, 3, 677
Let n(t) = 2*t + 10. Let g be n(-5). Suppose 14 = 2*m - 3*v, -5*m + g*v + 18 = v. List the prime factors of 10*4/32*m.
5
What are the prime factors of (3894/12)/(42/84)?
11, 59
Suppose -y + 1970 = -5*h - 2839, -9678 = -2*y - 2*h. List the prime factors of y.
2, 2417
Let y(c) = 3*c**2 + 12*c + 2. Suppose 0*q = 5*a + 4*q - 26, 5*q + 5 = 0. Let b be -2 - 2 - (a - 2). What are the prime factors of y(b)?
2, 7
Let n(x) = x**3 - 4*x**2 + x + 10. Let a be n(3). Suppose -4*v + 893 = 5*m, a*m + 706 = 8*m - v. What are the prime factors of m?
3, 59
Let g(q) = q**2 + 14*q + 42. Let d be -2 + 24/(-5 + 2). Let c be g(d). Suppose c*x - 152 = -8. List the prime factors of x.
2, 3
Let l(r) = 1204*r**2 + 12*r - 7. What are the prime factors of l(-6)?
5, 17, 509
Let s be ((-130)/195)/((-2)/5313). Let c = -1056 + s. List the prime factors of c.
5, 11, 13
Let h = 48152 - 26890. What are the prime factors of h?
2, 10631
Suppose 4561 = -2*w + 7*w + h, -3*h = 2*w - 1827. Suppose m - 5*m + w = 0. Suppose -2*b - m = -8*b. What are the prime factors of b?
2, 19
Suppose -597 = -3*o - p, 0 = 4*o + 4*p - 446 - 350. What are the prime factors of o?
199
Let w = -13330 + 37190. What are the prime factors of w?
2, 5, 1193
Let h(n) be the third derivative of n**6/120 + n**5/30 - n**4/24 - 7*n**3/6 - 7*n**2. Let k be h(-6). Let q = -77 - k. List the prime factors of q.
2, 17
Let z = -4977 - -10632. Suppose 19*i - 6*i = z. List the prime factors of i.
3, 5, 29
Let j(l) = l**2 - 8*l - 38. Let n be j(11). Let k(y) = -y**3 - 4*y**2 + 9*y + 11. Let w be k(n). What are the prime factors of (-54)/1*(0 - (-6)/w)?
2, 3
Let r(o) = 10*o**2 + 6*o + 12. Let d be r(-9). Suppose -80*t = -72*t - d. What are the prime factors of t?
2, 3
List the prime factors of 9 - (5 + -1443*7).
5, 43, 47
Let t be (2 - (-30)/(-9))*-138. Suppose 3*c - t = 629. What are the prime factors of c?
271
Let z(m) = -m - 12. Let g be z(-15). Let y(t) = 7*t**2 - 7*t - 9 + 8 + t**2 + g*t. What are the prime factors of y(-4)?
11, 13
Let p(n) = 5*n**2 - 5*n - 5. Let y(o) = -4 - 15 - 6*o - 38*o**2 + 31*o**2 + o**3. Let b be y(8). What are the prime factors of p(b)?
5, 11
Suppose -282 = -2*d - d. Let f(n) = -n**2 + 70*n + 162. Let h be f(0). Let z = h - d. What are the prime factors of z?
2, 17
Suppose -27116 = -6*n + 77065 + 93417. What are the prime factors of n?
32933
Let c(u) = u**3 - 2*u**2 - 6*u - 5. Let z be c(4). Let s(a) = -2*a + 9. Let y be s(z). Suppose -76 = -3*d - p, 20 = 2*p + y*p. What are the prime factors of d?
2, 3
Let l(o) = 62*o + 1. Let b be l(1). Let q be 1 + (-1 - 3) + (-1 - -3). Let d = b - q. What are the prime factors of d?
2
Let t(y) = 130*y**2 + 46*y + 207. List the prime factors of t(-17).
5, 7, 151
Suppose -63 = -3*h - 3*x, -4*h - 2*x + 109 = -3*x. Let m = h + -12. Let u = 17 - m. List the prime factors of u.
3
What are the prime factors of (65742 - -18) + -14 - 5?
13, 389
Let c(m) = m**3 - 46*m**2 + 66*m - 254. What are the prime factors of c(50)?
2, 11, 593
Suppose 3*m = 4*m + 9. Let t be m/4*(-2